f 477440?
4
What is the millions digit of 1718741?
1
What is the hundred thousands digit of 2751397?
7
What is the tens digit of 8133535?
3
What is the ten thousands digit of 8790224?
9
What is the ten thousands digit of 17059470?
5
What is the tens digit of 676697?
9
What is the thousands digit of 51162?
1
What is the tens digit of 1298515?
1
What is the millions digit of 3927546?
3
What is the ten thousands digit of 131209?
3
What is the ten thousands digit of 37865198?
6
What is the thousands digit of 21488561?
8
What is the tens digit of 679845?
4
What is the units digit of 3434014?
4
What is the thousands digit of 420031?
0
What is the hundreds digit of 23589410?
4
What is the ten millions digit of 10238561?
1
What is the thousands digit of 4576251?
6
What is the ten millions digit of 18688883?
1
What is the tens digit of 201150?
5
What is the thousands digit of 26462?
6
What is the ten thousands digit of 1168984?
6
What is the hundreds digit of 326375?
3
What is the tens digit of 112767?
6
What is the hundred thousands digit of 5917432?
9
What is the ten thousands digit of 10278913?
7
What is the thousands digit of 860238?
0
What is the hundreds digit of 1344096?
0
What is the tens digit of 3279522?
2
What is the hundred thousands digit of 514029?
5
What is the hundreds digit of 1068216?
2
What is the units digit of 891818?
8
What is the ten thousands digit of 3435032?
3
What is the ten thousands digit of 376643?
7
What is the hundreds digit of 2043777?
7
What is the ten thousands digit of 7386067?
8
What is the millions digit of 3440155?
3
What is the hundred thousands digit of 1050175?
0
What is the ten thousands digit of 174936?
7
What is the ten thousands digit of 469261?
6
What is the thousands digit of 1751977?
1
What is the tens digit of 2634942?
4
What is the tens digit of 670887?
8
What is the tens digit of 10060903?
0
What is the millions digit of 5471797?
5
What is the units digit of 860941?
1
What is the ten thousands digit of 35658142?
5
What is the thousands digit of 64379?
4
What is the units digit of 1040216?
6
What is the thousands digit of 506631?
6
What is the hundreds digit of 24544?
5
What is the tens digit of 60349?
4
What is the units digit of 498113?
3
What is the hundreds digit of 33631540?
5
What is the units digit of 793170?
0
What is the hundred thousands digit of 1513782?
5
What is the ten thousands digit of 911223?
1
What is the units digit of 1202499?
9
What is the hundreds digit of 497224?
2
What is the hundreds digit of 3989787?
7
What is the ten thousands digit of 4214498?
1
What is the millions digit of 2655814?
2
What is the ten thousands digit of 1608846?
0
What is the tens digit of 184490?
9
What is the millions digit of 23394033?
3
What is the hundreds digit of 6291341?
3
What is the hundreds digit of 2668895?
8
What is the hundred thousands digit of 25957035?
9
What is the ten thousands digit of 2423546?
2
What is the thousands digit of 14770248?
0
What is the units digit of 360211?
1
What is the thousands digit of 1228803?
8
What is the hundreds digit of 9313347?
3
What is the tens digit of 4330450?
5
What is the units digit of 159199?
9
What is the millions digit of 11379986?
1
What is the thousands digit of 2185630?
5
What is the ten thousands digit of 452501?
5
What is the thousands digit of 48843?
8
What is the hundreds digit of 170180?
1
What is the thousands digit of 266578?
6
What is the tens digit of 3367052?
5
What is the tens digit of 557769?
6
What is the hundreds digit of 666230?
2
What is the hundred thousands digit of 979778?
9
What is the ten thousands digit of 9181817?
8
What is the tens digit of 25752699?
9
What is the units digit of 5977250?
0
What is the hundreds digit of 9593349?
3
What is the hundreds digit of 1822509?
5
What is the thousands digit of 45066?
5
What is the units digit of 6476647?
7
What is the hundred thousands digit of 23223585?
2
What is the units digit of 521066?
6
What is the millions digit of 20357345?
0
What is the units digit of 29600336?
6
What is the millions digit of 1202574?
1
What is the hundred thousands digit of 6559130?
5
What is the hundred thousands digit of 1351730?
3
What is the thousands digit of 253181?
3
What is the hundreds digit of 677430?
4
What is the thousands digit of 1566637?
6
What is the tens digit of 8747234?
3
What is the hundred thousands digit of 124500?
1
What is the millions digit of 21069183?
1
What is the hundreds digit of 1619930?
9
What is the millions digit of 23809129?
3
What is the hundred thousands digit of 1342177?
3
What is the units digit of 1109502?
2
What is the tens digit of 117665?
6
What is the hundreds digit of 285093?
0
What is the tens digit of 146200?
0
What is the thousands digit of 112858?
2
What is the thousands digit of 2834927?
4
What is the hundred thousands digit of 8014279?
0
What is the ten thousands digit of 613551?
1
What is the hundreds digit of 18599285?
2
What is the units digit of 27161116?
6
What is the ten thousands digit of 2423491?
2
What is the tens digit of 191928?
2
What is the units digit of 5492536?
6
What is the hundreds digit of 502428?
4
What is the units digit of 67181?
1
What is the units digit of 4387994?
4
What is the millions digit of 6937059?
6
What is the hundred thousands digit of 232683?
2
What is the ten thousands digit of 105046?
0
What is the hundred thousands digit of 6506337?
5
What is the tens digit of 457326?
2
What is the ten thousands digit of 9727356?
2
What is the hundreds digit of 226406?
4
What is the tens digit of 719566?
6
What is the hundred thousands digit of 3268604?
2
What is the millions digit of 3183211?
3
What is the hundreds digit of 129054?
0
What is the tens digit of 32538?
3
What is the ten thousands digit of 528182?
2
What is the units digit of 3026?
6
What is the hundreds digit of 10371816?
8
What is the units digit of 675440?
0
What is the millions digit of 29495480?
9
What is the thousands digit of 1473104?
3
What is the millions digit of 1479049?
1
What is the hundreds digit of 1366815?
8
What is the hundred thousands digit of 855750?
8
What is the tens digit of 179800?
0
What is the tens digit of 94952?
5
What is the millions digit of 23262162?
3
What is the ten thousands digit of 232507?
3
What is the ten thousands digit of 139030?
3
What is the thousands digit of 296135?
6
What is the thousands digit of 4012434?
2
What is the thousands digit of 330926?
0
What is the millions digit of 6220516?
6
What is the thousands digit of 14552?
4
What is the ten thousands digit of 2165784?
6
What is the hundred thousands digit of 10002598?
0
What is the thousands digit of 60823?
0
What is the tens digit of 4972859?
5
What is the ten thousands digit of 93487?
9
What is the hundred thousands digit of 18823320?
8
What is the hundreds digit of 349507?
5
What is the hundreds digit of 5366?
3
What is the thousands digit of 468381?
8
What is the units digit of 12711997?
7
What is the ten thousands digit of 232775?
3
What is the units digit of 55148?
8
What is the tens digit of 1825692?
9
What is the hundreds digit of 8135916?
9
What is the ten thousands digit of 8922562?
2
What is the hundreds digit of 1001601?
6
What is the hundreds digit of 548287?
2
What is the units digit of 897267?
7
What is the tens digit of 834211?
1
What is the ten thousands digit of 242303?
4
What is the hundreds digit of 5648339?
3
What is the thousands digit of 6718255?
8
What is the hundred thousands digit of 1185770?
1
What is the tens digit of 131716?
1
What is the units digit of 17720565?
5
What is the thousands digit of 1267821?
7
What is the thousands digit of 37072871?
2
What is the tens digit of 4993698?
9
What is the hundred thousands digit of 2109657?
1
What is the ten thousands digit of 862143?
6
What is the tens digit of 4552157?
5
What is the hundred thousands digit of 4868730?
8
What is the millions digit of 1234945?
1
What is the millions digit of 4484483?
4
What is the tens digit of 5319891?
9
What is the units digit of 202252?
2
What is the hundred thousands digit of 1888154?
8
What is the tens digit of 1304291?
9
What is the ten thousands digit of 317159?
1
What is the hundred thousands digit of 1877087?
8
What is the units digit of 3573207?
7
What is the 